{"id":15356,"date":"2020-10-26T15:56:25","date_gmt":"2020-10-26T15:56:25","guid":{"rendered":"https:\/\/www.trato.fr\/project\/magasin-dameublement\/"},"modified":"2026-04-16T09:43:52","modified_gmt":"2026-04-16T09:43:52","slug":"magasin-dameublement","status":"publish","type":"project","link":"https:\/\/www.trato.fr\/en\/project\/magasin-dameublement\/","title":{"rendered":"Store"},"content":{"rendered":"<h1>Lighting for a furniture and home d\u00e9cor store at the Grand H\u00f4tel-Dieu in Lyon<\/h1>\n<p>TRATO has developed a new LED lighting concept for a major furniture and home d\u00e9cor retailer located within the Grand H\u00f4tel-Dieu in Lyon.<\/p>\n<p>Covering an area of 780 sq m, the TRATO teams designed the lighting for this retail outlet to enhance the customer experience, showcase the product areas and ensure consistent visual comfort.<\/p>\n<p>This project demonstrates TRATO\u2019s expertise in designing LED lighting solutions for the retail sector and shops with a strong architectural identity.<\/p>\n","protected":false},"excerpt":{"rendered":"<p>Lighting for a furniture and home d\u00e9cor store at the Grand H\u00f4tel-Dieu in Lyon TRATO has developed a new LED lighting concept for a major furniture and home d\u00e9cor retailer located within the Grand H\u00f4tel-Dieu in Lyon. Covering an area of 780 sq m, the TRATO teams designed the lighting for this retail outlet to [&hellip;]<\/p>\n","protected":false},"author":8,"featured_media":12032,"comment_status":"open","ping_status":"closed","template":"","meta":{"_acf_changed":false,"_seopress_robots_primary_cat":"","_seopress_titles_title":"Shop lighting in Lyon | Grand H\u00f4tel-Dieu | TRATO project","_seopress_titles_desc":"Lighting project for a 780 sq m furniture and home d\u00e9cor store at the Grand H\u00f4tel-Dieu in Lyon. TRATO LED retail lighting solution.","_seopress_robots_index":"","_et_pb_use_builder":"","_et_pb_old_content":"","_et_gb_content_width":"","_vp_format_video_url":"","_vp_image_focal_point":[],"footnotes":""},"project_category":[545],"project_tag":[],"class_list":["post-15356","project","type-project","status-publish","has-post-thumbnail","hentry","project_category-shops"],"acf":[],"_links":{"self":[{"href":"https:\/\/www.trato.fr\/en\/wp-json\/wp\/v2\/project\/15356","targetHints":{"allow":["GET"]}}],"collection":[{"href":"https:\/\/www.trato.fr\/en\/wp-json\/wp\/v2\/project"}],"about":[{"href":"https:\/\/www.trato.fr\/en\/wp-json\/wp\/v2\/types\/project"}],"author":[{"embeddable":true,"href":"https:\/\/www.trato.fr\/en\/wp-json\/wp\/v2\/users\/8"}],"replies":[{"embeddable":true,"href":"https:\/\/www.trato.fr\/en\/wp-json\/wp\/v2\/comments?post=15356"}],"version-history":[{"count":2,"href":"https:\/\/www.trato.fr\/en\/wp-json\/wp\/v2\/project\/15356\/revisions"}],"predecessor-version":[{"id":22422,"href":"https:\/\/www.trato.fr\/en\/wp-json\/wp\/v2\/project\/15356\/revisions\/22422"}],"wp:featuredmedia":[{"embeddable":true,"href":"https:\/\/www.trato.fr\/en\/wp-json\/wp\/v2\/media\/12032"}],"wp:attachment":[{"href":"https:\/\/www.trato.fr\/en\/wp-json\/wp\/v2\/media?parent=15356"}],"wp:term":[{"taxonomy":"project_category","embeddable":true,"href":"https:\/\/www.trato.fr\/en\/wp-json\/wp\/v2\/project_category?post=15356"},{"taxonomy":"project_tag","embeddable":true,"href":"https:\/\/www.trato.fr\/en\/wp-json\/wp\/v2\/project_tag?post=15356"}],"curies":[{"name":"wp","href":"https:\/\/api.w.org\/{rel}","templated":true}]}}

<h1>Lighting for a furniture and home décor store at the Grand Hôtel-Dieu in Lyon</h1>
<p>TRATO has developed a new LED lighting concept for a major furniture and home décor retailer located within the Grand Hôtel-Dieu in Lyon.</p>
<p>Covering an area of 780 sq m, the TRATO teams designed the lighting for this retail outlet to enhance the customer experience, showcase the product areas and ensure consistent visual comfort.</p>
<p>This project demonstrates TRATO’s expertise in designing LED lighting solutions for the retail sector and shops with a strong architectural identity.</p>

<p>Lighting for a furniture and home décor store at the Grand Hôtel-Dieu in Lyon TRATO has developed a new LED lighting concept for a major furniture and home décor retailer located within the Grand Hôtel-Dieu in Lyon. Covering an area of 780 sq m, the TRATO teams designed the lighting for this retail outlet to [&hellip;]</p>

Shop lighting in Lyon | Grand Hôtel-Dieu | TRATO project

Lighting project for a 780 sq m furniture and home décor store at the Grand Hôtel-Dieu in Lyon. TRATO LED retail lighting solution.
